[INFO] cloning repository https://github.com/GrandArchTemplar/python-useless-rust-too
[INFO] running `Command { std: "git" "-c" "credential.helper=" "-c" "credential.helper=/workspace/cargo-home/bin/git-credential-null" "clone" "--bare" "https://github.com/GrandArchTemplar/python-useless-rust-too" "/workspace/cache/git-repos/https%3A%2F%2Fgithub.com%2FGrandArchTemplar%2Fpython-useless-rust-too", kill_on_drop: false }`
[INFO] [stderr] Cloning into bare repository '/workspace/cache/git-repos/https%3A%2F%2Fgithub.com%2FGrandArchTemplar%2Fpython-useless-rust-too'...
[INFO] running `Command { std: "git" "rev-parse" "HEAD", kill_on_drop: false }`
[INFO] [stdout] 358eb4fc9ed81f26aa944856775321417af7ea19
[INFO] checking GrandArchTemplar/python-useless-rust-too against master#af3c6e733a40e671550e0f0f5aeecaa13772ba56 for pr-74989
[INFO] running `Command { std: "git" "clone" "/workspace/cache/git-repos/https%3A%2F%2Fgithub.com%2FGrandArchTemplar%2Fpython-useless-rust-too" "/workspace/builds/worker-11/source", kill_on_drop: false }`
[INFO] [stderr] Cloning into '/workspace/builds/worker-11/source'...
[INFO] [stderr] done.
[INFO] validating manifest of git repo https://github.com/GrandArchTemplar/python-useless-rust-too on toolchain af3c6e733a40e671550e0f0f5aeecaa13772ba56
[INFO] running `Command { std: "/workspace/cargo-home/bin/cargo" "+af3c6e733a40e671550e0f0f5aeecaa13772ba56" "read-manifest" "--manifest-path" "Cargo.toml", kill_on_drop: false }`
[INFO] started tweaking git repo https://github.com/GrandArchTemplar/python-useless-rust-too
[INFO] finished tweaking git repo https://github.com/GrandArchTemplar/python-useless-rust-too
[INFO] tweaked toml for git repo https://github.com/GrandArchTemplar/python-useless-rust-too written to /workspace/builds/worker-11/source/Cargo.toml
[INFO] crate git repo https://github.com/GrandArchTemplar/python-useless-rust-too already has a lockfile, it will not be regenerated
[INFO] running `Command { std: "/workspace/cargo-home/bin/cargo" "+af3c6e733a40e671550e0f0f5aeecaa13772ba56" "fetch" "--locked" "--manifest-path" "Cargo.toml", kill_on_drop: false }`
[INFO] running `Command { std: "docker" "create" "-v" "/var/lib/crater-agent-workspace/builds/worker-11/target:/opt/rustwide/target:rw,Z" "-v" "/var/lib/crater-agent-workspace/builds/worker-11/source:/opt/rustwide/workdir:ro,Z" "-v" "/var/lib/crater-agent-workspace/cargo-home:/opt/rustwide/cargo-home:ro,Z" "-v" "/var/lib/crater-agent-workspace/rustup-home:/opt/rustwide/rustup-home:ro,Z" "-e" "SOURCE_DIR=/opt/rustwide/workdir" "-e" "CARGO_TARGET_DIR=/opt/rustwide/target" "-e" "CARGO_HOME=/opt/rustwide/cargo-home" "-e" "RUSTUP_HOME=/opt/rustwide/rustup-home" "-w" "/opt/rustwide/workdir" "-m" "1610612736" "--user" "0:0" "--network" "none" "rustops/crates-build-env@sha256:d92eaeed33fa75130ca1ee6c8a01d1ffb62bac859dfdfb3450e3e5d1c0146529" "/opt/rustwide/cargo-home/bin/cargo" "+af3c6e733a40e671550e0f0f5aeecaa13772ba56" "metadata" "--no-deps" "--format-version=1", kill_on_drop: false }`
[INFO] [stdout] 5ce1df8c465691726e75edaf93cfab89bf457958b378611359fad9ce86c8e1b0
[INFO] [stderr] WARNING: Your kernel does not support swap limit capabilities or the cgroup is not mounted. Memory limited without swap.
[INFO] running `Command { std: "docker" "start" "-a" "5ce1df8c465691726e75edaf93cfab89bf457958b378611359fad9ce86c8e1b0", kill_on_drop: false }`
[INFO] running `Command { std: "docker" "inspect" "5ce1df8c465691726e75edaf93cfab89bf457958b378611359fad9ce86c8e1b0", kill_on_drop: false }`
[INFO] running `Command { std: "docker" "rm" "-f" "5ce1df8c465691726e75edaf93cfab89bf457958b378611359fad9ce86c8e1b0", kill_on_drop: false }`
[INFO] [stdout] 5ce1df8c465691726e75edaf93cfab89bf457958b378611359fad9ce86c8e1b0
[INFO] running `Command { std: "docker" "create" "-v" "/var/lib/crater-agent-workspace/builds/worker-11/target:/opt/rustwide/target:rw,Z" "-v" "/var/lib/crater-agent-workspace/builds/worker-11/source:/opt/rustwide/workdir:ro,Z" "-v" "/var/lib/crater-agent-workspace/cargo-home:/opt/rustwide/cargo-home:ro,Z" "-v" "/var/lib/crater-agent-workspace/rustup-home:/opt/rustwide/rustup-home:ro,Z" "-e" "SOURCE_DIR=/opt/rustwide/workdir" "-e" "CARGO_TARGET_DIR=/opt/rustwide/target" "-e" "CARGO_INCREMENTAL=0" "-e" "RUST_BACKTRACE=full" "-e" "RUSTFLAGS=--cap-lints=forbid" "-e" "CARGO_HOME=/opt/rustwide/cargo-home" "-e" "RUSTUP_HOME=/opt/rustwide/rustup-home" "-w" "/opt/rustwide/workdir" "-m" "1610612736" "--user" "0:0" "--network" "none" "rustops/crates-build-env@sha256:d92eaeed33fa75130ca1ee6c8a01d1ffb62bac859dfdfb3450e3e5d1c0146529" "/opt/rustwide/cargo-home/bin/cargo" "+af3c6e733a40e671550e0f0f5aeecaa13772ba56" "check" "--frozen" "--all" "--all-targets" "--message-format=json", kill_on_drop: false }`
[INFO] [stdout] dd0857438a5f0261aec2746eb04803e8bbc9bfb1ffae28afa22c599f46697de3
[INFO] [stderr] WARNING: Your kernel does not support swap limit capabilities or the cgroup is not mounted. Memory limited without swap.
[INFO] running `Command { std: "docker" "start" "-a" "dd0857438a5f0261aec2746eb04803e8bbc9bfb1ffae28afa22c599f46697de3", kill_on_drop: false }`
[INFO] [stderr]     Checking python-useless-rust-too v0.1.0 (/opt/rustwide/workdir)
[INFO] [stdout] warning: unused import: `crate::program::Program`
[INFO] [stdout]  --> src/parser.rs:3:5
[INFO] [stdout]   |
[INFO] [stdout] 3 | use crate::program::Program;
[INFO] [stdout]   |     ^^^^^^^^^^^^^^^^^^^^^^^
[INFO] [stdout]   |
[INFO] [stdout]   = note: `#[warn(unused_imports)]` on by default
[INFO] [stdout] 
[INFO] [stdout] 
[INFO] [stdout] error[E0282]: type annotations needed
[INFO] [stdout]   --> src/parser.rs:19:28
[INFO] [stdout]    |
[INFO] [stdout] 19 |         return (self.parse.borrow())(input)
[INFO] [stdout]    |                ------------^^^^^^---
[INFO] [stdout]    |                |           |
[INFO] [stdout]    |                |           cannot infer type for type parameter `Borrowed` declared on the trait `Borrow`
[INFO] [stdout]    |                this method call resolves to `&Borrowed`
[INFO] [stdout]    |
[INFO] [stdout]    = note: type must be known at this point
[INFO] [stdout] 
[INFO] [stdout] 
[INFO] [stdout] warning: unused import: `crate::program::Program`
[INFO] [stdout]  --> src/parser.rs:3:5
[INFO] [stdout]   |
[INFO] [stdout] 3 | use crate::program::Program;
[INFO] [stdout]   |     ^^^^^^^^^^^^^^^^^^^^^^^
[INFO] [stdout]   |
[INFO] [stdout]   = note: `#[warn(unused_imports)]` on by default
[INFO] [stdout] 
[INFO] [stdout] 
[INFO] [stdout] error[E0282]: type annotations needed
[INFO] [stdout]   --> src/parser.rs:19:28
[INFO] [stdout]    |
[INFO] [stdout] 19 |         return (self.parse.borrow())(input)
[INFO] [stdout]    |                ------------^^^^^^---
[INFO] [stdout]    |                |           |
[INFO] [stdout]    |                |           cannot infer type for type parameter `Borrowed` declared on the trait `Borrow`
[INFO] [stdout]    |                this method call resolves to `&Borrowed`
[INFO] [stdout]    |
[INFO] [stdout]    = note: type must be known at this point
[INFO] [stdout] 
[INFO] [stdout] 
[INFO] [stdout] error[E0308]: mismatched types
[INFO] [stdout]   --> src/parser.rs:65:25
[INFO] [stdout]    |
[INFO] [stdout] 65 |           parse: Box::new(|input| {
[INFO] [stdout]    |  _________________________^
[INFO] [stdout] 66 | |             return match left.parse(input) {
[INFO] [stdout] 67 | |                 Ok(x) => Ok(x),
[INFO] [stdout] 68 | |                 Err(err) => right.parse(input),
[INFO] [stdout] 69 | |             };
[INFO] [stdout] 70 | |         })
[INFO] [stdout]    | |_________^ expected fn pointer, found closure
[INFO] [stdout]    |
[INFO] [stdout]    = note: expected fn pointer `fn(GlitchType<T>) -> std::result::Result<GlitchType<T>, String>`
[INFO] [stdout]                  found closure `[closure@src/parser.rs:65:25: 70:10 left:_, right:_]`
[INFO] [stdout] 
[INFO] [stdout] 
[INFO] [stdout] error: aborting due to 2 previous errors; 1 warning emitted
[INFO] [stdout] 
[INFO] [stdout] 
[INFO] [stdout] Some errors have detailed explanations: E0282, E0308.
[INFO] [stdout] 
[INFO] [stdout] For more information about an error, try `rustc --explain E0282`.
[INFO] [stdout] 
[INFO] [stdout] error[E0308]: mismatched types
[INFO] [stdout]   --> src/parser.rs:65:25
[INFO] [stdout]    |
[INFO] [stdout] 65 |           parse: Box::new(|input| {
[INFO] [stdout]    |  _________________________^
[INFO] [stdout] 66 | |             return match left.parse(input) {
[INFO] [stdout] 67 | |                 Ok(x) => Ok(x),
[INFO] [stdout] 68 | |                 Err(err) => right.parse(input),
[INFO] [stdout] 69 | |             };
[INFO] [stdout] 70 | |         })
[INFO] [stdout]    | |_________^ expected fn pointer, found closure
[INFO] [stdout]    |
[INFO] [stdout]    = note: expected fn pointer `fn(GlitchType<T>) -> std::result::Result<GlitchType<T>, String>`
[INFO] [stdout]                  found closure `[closure@src/parser.rs:65:25: 70:10 left:_, right:_]`
[INFO] [stdout] 
[INFO] [stdout] 
[INFO] [stderr] error: could not compile `python-useless-rust-too`.
[INFO] [stderr] 
[INFO] [stderr] To learn more, run the command again with --verbose.
[INFO] [stderr] warning: build failed, waiting for other jobs to finish...
[INFO] [stdout] error: aborting due to 2 previous errors; 1 warning emitted
[INFO] [stdout] 
[INFO] [stdout] 
[INFO] [stdout] Some errors have detailed explanations: E0282, E0308.
[INFO] [stdout] 
[INFO] [stdout] For more information about an error, try `rustc --explain E0282`.
[INFO] [stdout] 
[INFO] [stderr] error: build failed
[INFO] running `Command { std: "docker" "inspect" "dd0857438a5f0261aec2746eb04803e8bbc9bfb1ffae28afa22c599f46697de3", kill_on_drop: false }`
[INFO] running `Command { std: "docker" "rm" "-f" "dd0857438a5f0261aec2746eb04803e8bbc9bfb1ffae28afa22c599f46697de3", kill_on_drop: false }`
[INFO] [stdout] dd0857438a5f0261aec2746eb04803e8bbc9bfb1ffae28afa22c599f46697de3
